the tens digit of y?
6
Let j(c) = 65*c**3 - 4*c**2 + 2*c + 5. Let f be j(3). Suppose 5*l + 1367 = 4*a, 4*a - 2*l - f = -a. What is the hundreds digit of a?
3
Let k = -9 - -61. Let w = 141 - k. What is the units digit of w?
9
Let g(x) = x + 2. Let k be g(0). Let v = k - 0. Suppose 3*q = 2*d + d + 228, -176 = -v*q - 4*d. What is the tens digit of q?
8
Let r(k) = 6*k - 19. Suppose -w = 5 - 26. Let q be 2/7 - (-204)/w. What is the units digit of r(q)?
1
Let w = 357 - 357. Let p be -13*(-29 + 4 - 2). Suppose -4*b - p = -3*v, w = -b - 3*b. What is the hundreds digit of v?
1
Suppose -5018 = -19*o - 2. What is the units digit of o?
4
Suppose 5*k = -k - 402. Let a = k + 346. What is the units digit of a?
9
What is the hundreds digit of -26 - (28 - 39 - 95143)?
1
Let p(d) = 7*d**2 + 6*d + 52. Let m be p(10). Let g = m - 650. What is the units digit of g?
2
Let k(i) = i**3 - 8*i**2 - 58*i + 429. What is the thousands digit of k(16)?
1
Let f = 19 + -14. Let b be 7 - f*(-4)/(-10). Suppose 84 = 3*z + 6*l - 4*l, -b*z + 153 = -l. What is the tens digit of z?
3
Let o(w) = w**2 + 18*w + 111. Let l be o(-12). Let d = 272 - l. What is the tens digit of d?
3
Let s = 85 + 79. Let i = 370 - s. Suppose 5*v - 79 = i. What is the units digit of v?
7
Let y = -45 + 48. Suppose -4*p = p - 3*d - 41, -y*d - 34 = -4*p. What is the tens digit of 18036/378 - (-1)/p*2?
4
Let h be 2/4 + -1063*(-25)/10. Suppose -1609 = -4*y - 5*j, -5*y - 3*j = -h + 637. What is the tens digit of y?
0
Let c be (-5*(-1)/5)/(3/(-3)). What is the hundreds digit of 6407/43 - (-1 + -1 - c)?
1
Let i(u) = -38*u**2 - 5*u - 8. Let x be i(-3). Let v = 530 + x. What is the hundreds digit of v?
1
Let x = 409 + -409. Suppose x = 9*t + 887 - 6755. What is the hundreds digit of t?
6
Let w(i) be the third derivative of 65*i**4/8 - 83*i**3/6 - 2*i**2 + 165. What is the thousands digit of w(7)?
1
Let k = 3162 - -12335. What is the thousands digit of k?
5
What is the thousands digit of (-318 - 83)/(2/(-24))?
4
Let k(b) be the second derivative of -13/2*b**2 - 8*b + 5/6*b**3 + 0. What is the tens digit of k(8)?
2
Suppose 4*h = 4*n + 436, 0 = 49*h - 48*h - 5*n - 117. Suppose -6372 = -116*t + h*t. What is the hundreds digit of t?
7
Let y be 2/(-5) - 520/(-50). Let i be 7/(5 - 12)*95*1. Let f = y - i. What is the tens digit of f?
0
Suppose 4*s = 2*h - 114326, -28*h - 4*s + 57187 = -27*h. What is the units digit of h?
1
Let t = -15194 - -74285. What is the units digit of t?
1
Suppose -w + 2035 = -211. What is the tens digit of w?
4
Let s(x) = -x**3 - 5*x**2 - 4*x - 28. Let b be s(-7). Suppose -h = -b - 258. What is the tens digit of h?
5
Let s(u) be the first derivative of 2*u**3/3 + 29*u**2/2 + 8*u - 35. What is the tens digit of s(-21)?
8
Let p(i) = -i**2 - 7*i + 14. Let a be p(2). What is the hundreds digit of (-6)/a*30/(-135)*-1377?
4
Let v = -294 + 3562. Suppose -j - 182 = -3*x - 1258, 3*j + x - v = 0. What is the thousands digit of j?
1
Suppose 262335 + 71859 = 21*g. What is the ten thousands digit of g?
1
Let a(k) = 3. Let f(s) = -71*s. Let l(u) = -5*a(u) - f(u). What is the tens digit of l(5)?
4
Let n(z) = 2583*z**3 + z**2 + 9*z + 7. Let v be n(-1). What is the units digit of 13*((-2)/14 - v/56)?
8
Suppose 2*s - 2*m = 3*s - 2, -2*m = -3*s + 6. What is the tens digit of (223 - s) + (-7)/(-7)?
2
Suppose h = -0*h + 3, -w = 5*h - 1245. Suppose 0 = 4*x - 466 - w. What is the units digit of x?
4
Suppose -m = 3*t - 4, -3*t = -6*m + 3*m - 12. Suppose 55 = -42*a + 3 + 10. What is the tens digit of 20 - -1*t/a?
1
Let x be ((-760)/35 - -2)*119. Let g be (-12)/20 - x/10. What is the units digit of (-2)/(-13) - (-3006)/g?
3
Let f(n) = -109*n - 261. What is the thousands digit of f(-16)?
1
Suppose -12*d + 128 = -16. Suppose -21 = -19*s + d*s. Suppose -2*m + p + 225 = 0, 4*p - s*p + 567 = 5*m. What is the hundreds digit of m?
1
Suppose 0 = v, -4*u + 5*u - 3*v - 22 = 0. Suppose 5705 + 6329 = u*p. What is the units digit of p?
7
Let n(g) = -933*g**3 + 4*g**2 + 35*g + 49. What is the hundreds digit of n(-3)?
1
What is the units digit of 6/(-2)*(-3222 + -38)?
0
Let s be 95 - (-2 - (-3 - -4)). Suppose -244 = 5*l + 4*h, 116 = -2*l + 6*h - 3*h. Let c = s + l. What is the tens digit of c?
4
Suppose -3*w + 251*u + 2050 = 246*u, 0 = 3*w + 3*u - 2058. What is the hundreds digit of w?
6
Suppose m = 2*l - 15 - 187, -4*l + 398 = m. Suppose 3*d - 45 = 2*j + 30, -l = -4*d + 3*j. What is the units digit of 696/10 - 5/d*-2?
0
Let s(z) = 69*z**2 - 14*z - 34. Let y = -156 + 153. What is the units digit of s(y)?
9
Let a(d) = 37*d - 6. Let o(b) = 3*b + 3. Let p be o(5). Let k be (-220)/(-99) + (-4)/p. What is the tens digit of a(k)?
6
What is the thousands digit of (-15)/3*11/(-165)*14919?
4
Let a(i) = 8*i**2 - 21*i + 34. Suppose -9*f = -26*f + 119. What is the units digit of a(f)?
9
Let y be 2450/(28/4)*30/25. Suppose -2124 = -423*u + y*u. What is the units digit of u?
8
Suppose f - 8 = -3. Let t(d) = f*d**2 - 2 + 18 + d**3 + 4*d - 14*d**2 - 8*d**2. What is the tens digit of t(17)?
8
Let o(s) = s**3 - 111*s**2 - 316*s + 994. What is the thousands digit of o(119)?
6
Suppose -4380 = -3*m - 5*j, -5*m + j + 9915 = 2587. Suppose -3*g - g - 5*h = -m, -4*h = -5*g + 1780. What is the units digit of g?
0
Suppose 75177 - 21201 = 8*s. What is the units digit of s?
7
Let v be (-4)/(-1 + 2 + -2). Let y(t) = -50*t + 52. Let g be y(1). Suppose o - 301 = -g*f, -585 = -5*f - v*o + 175. What is the hundreds digit of f?
1
Suppose 686*r - 690*r = -20. Suppose t - 1913 = -5*v - 87, 10 = r*v. What is the units digit of t?
6
Suppose 2*g = 1196*v - 1199*v + 192915, 4*v = 2*g + 257178. What is the thousands digit of v?
4
Let v be (36/(-3))/((-7)/((-980)/3)). Let k = v - -860. What is the units digit of k?
0
Let w = 98001 - 34203. What is the hundreds digit of w?
7
Suppose -9*u - 12 = -7*u. Let h be u/(-21) - 188/(-28). What is the units digit of ((-12)/(-10))/(h/((-595)/(-2)))?
1
Let i(x) = -83*x + 23. Suppose 2*h - 10 = 0, -4*f + h - 33 = -0*f. What is the hundreds digit of i(f)?
6
Suppose 45*s - 104828 = 268622 + 19085. What is the tens digit of s?
2
Let g(a) = 22*a**2 + 23*a - 2. Let i = -103 + 98. What is the units digit of g(i)?
3
Suppose -4*l - 17 + 25 = 0. Suppose 0 = l*m + m - 2208. What is the units digit of m?
6
Let u = -91 - -91. What is the tens digit of -28 + 28 + 205 + u?
0
Let q = 2737 + -1781. Suppose -3*p - 2*o = -7*p + q, 4*o = 0. What is the hundreds digit of p?
2
Suppose 0 = 286*b - 61*b - 6304500. What is the hundreds digit of b?
0
Let b = 70710 + -39274. What is the ten thousands digit of b?
3
Suppose -7 = -4*q + r, -1 = -q - 2*r + 3. Suppose 4*y - 3*w = 321, -7*y + 326 = -3*y - q*w. What is the tens digit of y?
8
Suppose 3*r + 40 = 16. What is the tens digit of (-2 - (20/r - -3))*-158?
9
Suppose -l + 2156 = 4*n + 3*l, 5*n + 2*l = 2698. What is the hundreds digit of n + (-3 - 1) + -1?
5
Let b(t) = 5 + 0 + 6 - 20*t. Let c be b(-5). Let x = c + -67. What is the tens digit of x?
4
Let g(k) = -k**3 + k**2 + 14. Let o be g(0). Suppose -26 = -8*t + o. Suppose -768 = -t*z + 2*j, -3*z - z = 4*j - 592. What is the units digit of z?
2
Suppose 2*r + 4*g = 3*r - 64266, -3*r - 3*g = -192903. What is the ten thousands digit of r?
6
Let w(r) = -2*r - 40. Let d be w(-21). Suppose d*k - 2*a = -7*a + 446, 0 = -4*k - 2*a + 876. What is the units digit of k?
8
Let u be ((-6)/(-15))/2 - 342/(-90). Suppose -d - 374 = -o, 6*o - u*d - 1871 = o. What is the tens digit of o?
7
Suppose 6*u - 7*u - 2*b - 10 = 0, 0 = -2*u + 4*b + 20. Suppose u = 4*h - 7*h - 5*m + 1163, 0 = -2*h + 4*m + 790. What is the hundreds digit of h?
3
Suppose -8*y + 41 + 7 = 0. Suppose y*u + 103 = -347. Let b = 116 + u. What is the tens digit of b?
4
Let p(l) = -48*l - 20. Let w(m) = 4*m - 64. Let s be w(14). What is the tens digit of p(s)?
6
Suppose 3*j - 111 - 1398 = 0. Let s = j - 194. What is the tens digit of s?
0
Let l(s) = -20*s**3 + 16*s**2 + 83*s - 26. What is the thousands digit of l(-6)?
4
Suppose 0 = 3*h - 5*g + 5, -91*h + 5*g + 15 = -92*h. What is the tens digit of 390/h*((-330)/18)/5?
8
Suppose -122*h + 126*h = 0. Suppose h = 143*b - 140*b + 435. Let t = b - -371. What is the hundreds digit of t?
2
Let u = 342 - -931. What is the hundreds digit of u?
2
Let c(x) = 446*x**2 - 415*x - 3395.